{"id":13,"date":"2021-07-08T18:05:06","date_gmt":"2021-07-08T21:05:06","guid":{"rendered":"http:\/\/severinopinturas.com.br\/?page_id=13"},"modified":"2021-07-08T18:05:06","modified_gmt":"2021-07-08T21:05:06","slug":"crie-seu-site-com-blocos","status":"publish","type":"page","link":"http:\/\/severinopinturas.com.br\/?page_id=13","title":{"rendered":"Crie seu site com blocos"},"content":{"rendered":"\n\t\t\t\t\t\n\t\t\t\t\t<h2 class=\"alignwide has-text-align-wide has-gigantic-font-size\" style=\"line-height:1.1\">Crie seu site com blocos<\/h2>\n\t\t\t\t\t\n\n\t\t\t\t\t\n\t\t\t\t\t<div style=\"height:100px\" aria-hidden=\"true\" class=\"wp-block-spacer\"><\/div>\n\t\t\t\t\t\n\n\t\t\t\t\t\n\t\t\t\t\t<div class=\"wp-block-columns alignwide are-vertically-aligned-center is-style-twentytwentyone-columns-overlap\">\n\t\t\t\t\t<div class=\"wp-block-column is-vertically-aligned-center\">\n\t\t\t\t\t<figure class=\"wp-block-image alignfull size-large\"><img src=\"http:\/\/severinopinturas.com.br\/wp-content\/themes\/twentytwentyone\/assets\/images\/roses-tremieres-hollyhocks-1884.jpg\" alt=\"&#8220;Roses Tr\u00e9mi\u00e8res&#8221; por Berthe Morisot\"\/><\/figure>\n\t\t\t\t\t\n\n\t\t\t\t\t\n\t\t\t\t\t<div style=\"height:100px\" aria-hidden=\"true\" class=\"wp-block-spacer\"><\/div>\n\t\t\t\t\t\n\n\t\t\t\t\t\n\t\t\t\t\t<figure class=\"wp-block-image alignfull size-large is-style-twentytwentyone-image-frame\"><img src=\"http:\/\/severinopinturas.com.br\/wp-content\/themes\/twentytwentyone\/assets\/images\/in-the-bois-de-boulogne.jpg\" alt=\"&#8220;No Bois de Boulogne&#8221; de Berthe Morisot\"\/><\/figure>\n\t\t\t\t\t<\/div>\n\t\t\t\t\t\n\n\t\t\t\t\t\n\t\t\t\t\t<div class=\"wp-block-column is-vertically-aligned-center\">\n\t\t\t\t\t<div style=\"height:100px\" aria-hidden=\"true\" class=\"wp-block-spacer\"><\/div>\n\t\t\t\t\t\n\n\t\t\t\t\t\n\t\t\t\t\t<figure class=\"wp-block-image size-large alignfull size-full is-style-twentytwentyone-border\"><img src=\"http:\/\/severinopinturas.com.br\/wp-content\/themes\/twentytwentyone\/assets\/images\/young-woman-in-mauve.jpg\" alt=\"&#8220;Jovem mulher em Mauve&#8221; de Berthe Morisot\"\/><\/figure>\n\t\t\t\t\t<\/div>\n\t\t\t\t\t<\/div>\n\t\t\t\t\t\n\n\t\t\t\t\t\n\t\t\t\t\t<div style=\"height:50px\" aria-hidden=\"true\" class=\"wp-block-spacer\"><\/div>\n\t\t\t\t\t\n\n\t\t\t\t\t\n\t\t\t\t\t<div class=\"wp-block-columns alignwide are-vertically-aligned-top\">\n\t\t\t\t\t<div class=\"wp-block-column is-vertically-aligned-top\">\n\t\t\t\t\t<h3>Adicione padr\u00f5es de blocos<\/h3>\n\t\t\t\t\t\n\n\t\t\t\t\t\n\t\t\t\t\t<p>Os padr\u00f5es de blocos s\u00e3o grupos de blocos pr\u00e9-desenhados. Para adicionar um, selecione o bot\u00e3o Adicionar bloco [+] na barra de ferramentas na parte superior do editor. Mude para a aba &quot;Padr\u00f5es&quot; embaixo da barra de busca e escolha um padr\u00e3o.<\/p>\n\t\t\t\t\t<\/div>\n\t\t\t\t\t\n\n\t\t\t\t\t\n\t\t\t\t\t<div class=\"wp-block-column is-vertically-aligned-top\">\n\t\t\t\t\t<h3>Molduras nas imagens<\/h3>\n\t\t\t\t\t\n\n\t\t\t\t\t\n\t\t\t\t\t<p>Twenty Twenty-One inclui bordas elegantes para seu conte\u00fado. Com um bloco de imagem selecionado, abra o painel &quot;Estilos&quot; dentro da barra lateral do Editor. Selecione o estilo de bloco &quot;Moldura&quot; para ativ\u00e1-lo.<\/p>\n\t\t\t\t\t<\/div>\n\t\t\t\t\t\n\n\t\t\t\t\t\n\t\t\t\t\t<div class=\"wp-block-column is-vertically-aligned-top\">\n\t\t\t\t\t<h3>Sobrepor colunas<\/h3>\n\t\t\t\t\t\n\n\t\t\t\t\t\n\t\t\t\t\t<p>Twenty Twenty-One tamb\u00e9m inclui um estilo de sobreposi\u00e7\u00e3o para blocos de colunas. Com um bloco de colunas selecionado, abra o painel &quot;Estilos&quot; dentro da barra lateral do Editor. Escolha o estilo de bloco &quot;Sobrepor&quot; para experiment\u00e1-lo.<\/p>\n\t\t\t\t\t<\/div>\n\t\t\t\t\t<\/div>\n\t\t\t\t\t\n\n\t\t\t\t\t\n\t\t\t\t\t<div style=\"height:100px\" aria-hidden=\"true\" class=\"wp-block-spacer\"><\/div>\n\t\t\t\t\t\n\n\t\t\t\t\t\n\t\t\t\t\t<div class=\"wp-block-cover alignwide has-green-background-color has-background-dim is-style-twentytwentyone-border\"><div class=\"wp-block-cover__inner-container\">\n\t\t\t\t\t<div style=\"height:20px\" aria-hidden=\"true\" class=\"wp-block-spacer\"><\/div>\n\t\t\t\t\t\n\n\t\t\t\t\t\n\t\t\t\t\t<p class=\"has-huge-font-size\">Precisa de ajuda?<\/p>\n\t\t\t\t\t\n\n\t\t\t\t\t\n\t\t\t\t\t<div style=\"height:75px\" aria-hidden=\"true\" class=\"wp-block-spacer\"><\/div>\n\t\t\t\t\t\n\n\t\t\t\t\t\n\t\t\t\t\t<div class=\"wp-block-columns\">\n\t\t\t\t\t<div class=\"wp-block-column\">\n\t\t\t\t\t<p><a href=\"https:\/\/wordpress.org\/support\/article\/twenty-twenty-one\/\">Ler a documenta\u00e7\u00e3o do tema<\/a><\/p>\n\t\t\t\t\t<\/div>\n\t\t\t\t\t\n\n\t\t\t\t\t\n\t\t\t\t\t<div class=\"wp-block-column\">\n\t\t\t\t\t<p><a href=\"https:\/\/wordpress.org\/support\/theme\/twentytwentyone\/\">Confira os f\u00f3runs de suporte<\/a><\/p>\n\t\t\t\t\t<\/div>\n\t\t\t\t\t<\/div>\n\t\t\t\t\t\n\n\t\t\t\t\t\n\t\t\t\t\t<div style=\"height:20px\" aria-hidden=\"true\" class=\"wp-block-spacer\"><\/div>\n\t\t\t\t\t<\/div><\/div>\n\t\t\t\t\t","protected":false},"excerpt":{"rendered":"<p>Crie seu site com blocos Adicione padr\u00f5es de blocos Os padr\u00f5es de blocos s\u00e3o grupos de blocos pr\u00e9-desenhados. Para adicionar um, selecione o bot\u00e3o Adicionar bloco [+] na barra de ferramentas na parte superior do editor. Mude para a aba &quot;Padr\u00f5es&quot; embaixo da barra de busca e escolha um padr\u00e3o. [&hellip;]<\/p>\n","protected":false},"author":1,"featured_media":0,"parent":0,"menu_order":0,"comment_status":"closed","ping_status":"closed","template":"","meta":{"om_disable_all_campaigns":false,"_monsterinsights_skip_tracking":false,"_monsterinsights_sitenote_active":false,"_monsterinsights_sitenote_note":"","_monsterinsights_sitenote_category":0},"yoast_head":"<!-- This site is optimized with the Yoast SEO plugin v17.9 - https:\/\/yoast.com\/wordpress\/plugins\/seo\/ -->\n<title>Crie seu site com blocos - Severino Pinturas e Reformas<\/title>\n<meta name=\"robots\" content=\"index, follow, max-snippet:-1, max-image-preview:large, max-video-preview:-1\" \/>\n<link rel=\"canonical\" href=\"http:\/\/severinopinturas.com.br\/?page_id=13\" \/>\n<meta property=\"og:locale\" content=\"en_US\" \/>\n<meta property=\"og:type\" content=\"article\" \/>\n<meta property=\"og:title\" content=\"Crie seu site com blocos - Severino Pinturas e Reformas\" \/>\n<meta property=\"og:description\" content=\"Crie seu site com blocos Adicione padr\u00f5es de blocos Os padr\u00f5es de blocos s\u00e3o grupos de blocos pr\u00e9-desenhados. Para adicionar um, selecione o bot\u00e3o Adicionar bloco [+] na barra de ferramentas na parte superior do editor. Mude para a aba &quot;Padr\u00f5es&quot; embaixo da barra de busca e escolha um padr\u00e3o. [&hellip;]\" \/>\n<meta property=\"og:url\" content=\"http:\/\/severinopinturas.com.br\/?page_id=13\" \/>\n<meta property=\"og:site_name\" content=\"Severino Pinturas e Reformas\" \/>\n<meta property=\"og:image\" content=\"http:\/\/severinopinturas.com.br\/wp-content\/themes\/twentytwentyone\/assets\/images\/roses-tremieres-hollyhocks-1884.jpg\" \/>\n<meta name=\"twitter:card\" content=\"summary_large_image\" \/>\n<meta name=\"twitter:label1\" content=\"Est. reading time\" \/>\n\t<meta name=\"twitter:data1\" content=\"1 minute\" \/>\n<script type=\"application\/ld+json\" class=\"yoast-schema-graph\">{\"@context\":\"https:\/\/schema.org\",\"@graph\":[{\"@type\":\"Organization\",\"@id\":\"http:\/\/severinopinturas.com.br\/#organization\",\"name\":\"Severino Pinturas\",\"url\":\"http:\/\/severinopinturas.com.br\/\",\"sameAs\":[],\"logo\":{\"@type\":\"ImageObject\",\"@id\":\"http:\/\/severinopinturas.com.br\/#logo\",\"inLanguage\":\"en-US\",\"url\":\"http:\/\/severinopinturas.com.br\/wp-content\/uploads\/2021\/07\/cropped-logo.png\",\"contentUrl\":\"http:\/\/severinopinturas.com.br\/wp-content\/uploads\/2021\/07\/cropped-logo.png\",\"width\":512,\"height\":512,\"caption\":\"Severino Pinturas\"},\"image\":{\"@id\":\"http:\/\/severinopinturas.com.br\/#logo\"}},{\"@type\":\"WebSite\",\"@id\":\"http:\/\/severinopinturas.com.br\/#website\",\"url\":\"http:\/\/severinopinturas.com.br\/\",\"name\":\"Severino Pinturas e Reformas\",\"description\":\"Pinturas Residenciais, Prediais, Gesso 3D, Epoxi Grafitado, Telhados.\",\"publisher\":{\"@id\":\"http:\/\/severinopinturas.com.br\/#organization\"},\"potentialAction\":[{\"@type\":\"SearchAction\",\"target\":{\"@type\":\"EntryPoint\",\"urlTemplate\":\"http:\/\/severinopinturas.com.br\/?s={search_term_string}\"},\"query-input\":\"required name=search_term_string\"}],\"inLanguage\":\"en-US\"},{\"@type\":\"ImageObject\",\"@id\":\"http:\/\/severinopinturas.com.br\/?page_id=13#primaryimage\",\"inLanguage\":\"en-US\",\"url\":\"http:\/\/severinopinturas.com.br\/wp-content\/themes\/twentytwentyone\/assets\/images\/roses-tremieres-hollyhocks-1884.jpg\",\"contentUrl\":\"http:\/\/severinopinturas.com.br\/wp-content\/themes\/twentytwentyone\/assets\/images\/roses-tremieres-hollyhocks-1884.jpg\"},{\"@type\":\"WebPage\",\"@id\":\"http:\/\/severinopinturas.com.br\/?page_id=13#webpage\",\"url\":\"http:\/\/severinopinturas.com.br\/?page_id=13\",\"name\":\"Crie seu site com blocos - Severino Pinturas e Reformas\",\"isPartOf\":{\"@id\":\"http:\/\/severinopinturas.com.br\/#website\"},\"primaryImageOfPage\":{\"@id\":\"http:\/\/severinopinturas.com.br\/?page_id=13#primaryimage\"},\"datePublished\":\"2021-07-08T21:05:06+00:00\",\"dateModified\":\"2021-07-08T21:05:06+00:00\",\"breadcrumb\":{\"@id\":\"http:\/\/severinopinturas.com.br\/?page_id=13#breadcrumb\"},\"inLanguage\":\"en-US\",\"potentialAction\":[{\"@type\":\"ReadAction\",\"target\":[\"http:\/\/severinopinturas.com.br\/?page_id=13\"]}]},{\"@type\":\"BreadcrumbList\",\"@id\":\"http:\/\/severinopinturas.com.br\/?page_id=13#breadcrumb\",\"itemListElement\":[{\"@type\":\"ListItem\",\"position\":1,\"name\":\"In\\u00edcio\",\"item\":\"http:\/\/severinopinturas.com.br\/\"},{\"@type\":\"ListItem\",\"position\":2,\"name\":\"Crie seu site com blocos\"}]}]}<\/script>\n<!-- \/ Yoast SEO plugin. -->","yoast_head_json":{"title":"Crie seu site com blocos - Severino Pinturas e Reformas","robots":{"index":"index","follow":"follow","max-snippet":"max-snippet:-1","max-image-preview":"max-image-preview:large","max-video-preview":"max-video-preview:-1"},"canonical":"http:\/\/severinopinturas.com.br\/?page_id=13","og_locale":"en_US","og_type":"article","og_title":"Crie seu site com blocos - Severino Pinturas e Reformas","og_description":"Crie seu site com blocos Adicione padr\u00f5es de blocos Os padr\u00f5es de blocos s\u00e3o grupos de blocos pr\u00e9-desenhados. Para adicionar um, selecione o bot\u00e3o Adicionar bloco [+] na barra de ferramentas na parte superior do editor. Mude para a aba &quot;Padr\u00f5es&quot; embaixo da barra de busca e escolha um padr\u00e3o. [&hellip;]","og_url":"http:\/\/severinopinturas.com.br\/?page_id=13","og_site_name":"Severino Pinturas e Reformas","og_image":[{"url":"http:\/\/severinopinturas.com.br\/wp-content\/themes\/twentytwentyone\/assets\/images\/roses-tremieres-hollyhocks-1884.jpg"}],"twitter_card":"summary_large_image","twitter_misc":{"Est. reading time":"1 minute"},"schema":{"@context":"https:\/\/schema.org","@graph":[{"@type":"Organization","@id":"http:\/\/severinopinturas.com.br\/#organization","name":"Severino Pinturas","url":"http:\/\/severinopinturas.com.br\/","sameAs":[],"logo":{"@type":"ImageObject","@id":"http:\/\/severinopinturas.com.br\/#logo","inLanguage":"en-US","url":"http:\/\/severinopinturas.com.br\/wp-content\/uploads\/2021\/07\/cropped-logo.png","contentUrl":"http:\/\/severinopinturas.com.br\/wp-content\/uploads\/2021\/07\/cropped-logo.png","width":512,"height":512,"caption":"Severino Pinturas"},"image":{"@id":"http:\/\/severinopinturas.com.br\/#logo"}},{"@type":"WebSite","@id":"http:\/\/severinopinturas.com.br\/#website","url":"http:\/\/severinopinturas.com.br\/","name":"Severino Pinturas e Reformas","description":"Pinturas Residenciais, Prediais, Gesso 3D, Epoxi Grafitado, Telhados.","publisher":{"@id":"http:\/\/severinopinturas.com.br\/#organization"},"potentialAction":[{"@type":"SearchAction","target":{"@type":"EntryPoint","urlTemplate":"http:\/\/severinopinturas.com.br\/?s={search_term_string}"},"query-input":"required name=search_term_string"}],"inLanguage":"en-US"},{"@type":"ImageObject","@id":"http:\/\/severinopinturas.com.br\/?page_id=13#primaryimage","inLanguage":"en-US","url":"http:\/\/severinopinturas.com.br\/wp-content\/themes\/twentytwentyone\/assets\/images\/roses-tremieres-hollyhocks-1884.jpg","contentUrl":"http:\/\/severinopinturas.com.br\/wp-content\/themes\/twentytwentyone\/assets\/images\/roses-tremieres-hollyhocks-1884.jpg"},{"@type":"WebPage","@id":"http:\/\/severinopinturas.com.br\/?page_id=13#webpage","url":"http:\/\/severinopinturas.com.br\/?page_id=13","name":"Crie seu site com blocos - Severino Pinturas e Reformas","isPartOf":{"@id":"http:\/\/severinopinturas.com.br\/#website"},"primaryImageOfPage":{"@id":"http:\/\/severinopinturas.com.br\/?page_id=13#primaryimage"},"datePublished":"2021-07-08T21:05:06+00:00","dateModified":"2021-07-08T21:05:06+00:00","breadcrumb":{"@id":"http:\/\/severinopinturas.com.br\/?page_id=13#breadcrumb"},"inLanguage":"en-US","potentialAction":[{"@type":"ReadAction","target":["http:\/\/severinopinturas.com.br\/?page_id=13"]}]},{"@type":"BreadcrumbList","@id":"http:\/\/severinopinturas.com.br\/?page_id=13#breadcrumb","itemListElement":[{"@type":"ListItem","position":1,"name":"In\u00edcio","item":"http:\/\/severinopinturas.com.br\/"},{"@type":"ListItem","position":2,"name":"Crie seu site com blocos"}]}]}},"_links":{"self":[{"href":"http:\/\/severinopinturas.com.br\/index.php?rest_route=\/wp\/v2\/pages\/13"}],"collection":[{"href":"http:\/\/severinopinturas.com.br\/index.php?rest_route=\/wp\/v2\/pages"}],"about":[{"href":"http:\/\/severinopinturas.com.br\/index.php?rest_route=\/wp\/v2\/types\/page"}],"author":[{"embeddable":true,"href":"http:\/\/severinopinturas.com.br\/index.php?rest_route=\/wp\/v2\/users\/1"}],"replies":[{"embeddable":true,"href":"http:\/\/severinopinturas.com.br\/index.php?rest_route=%2Fwp%2Fv2%2Fcomments&post=13"}],"version-history":[{"count":1,"href":"http:\/\/severinopinturas.com.br\/index.php?rest_route=\/wp\/v2\/pages\/13\/revisions"}],"predecessor-version":[{"id":22,"href":"http:\/\/severinopinturas.com.br\/index.php?rest_route=\/wp\/v2\/pages\/13\/revisions\/22"}],"wp:attachment":[{"href":"http:\/\/severinopinturas.com.br\/index.php?rest_route=%2Fwp%2Fv2%2Fmedia&parent=13"}],"curies":[{"name":"wp","href":"https:\/\/api.w.org\/{rel}","templated":true}]}}