{"id":15,"date":"2021-07-08T18:05:06","date_gmt":"2021-07-08T21:05:06","guid":{"rendered":"http:\/\/severinopinturas.com.br\/?page_id=15"},"modified":"2021-07-08T18:05:06","modified_gmt":"2021-07-08T21:05:06","slug":"contato","status":"publish","type":"page","link":"http:\/\/severinopinturas.com.br\/?page_id=15","title":{"rendered":"Contato"},"content":{"rendered":"\n<p>Esta \u00e9 uma p\u00e1gina com algumas informa\u00e7\u00f5es b\u00e1sicas de contato, como um endere\u00e7o e n\u00famero de telefone. Voc\u00ea tamb\u00e9m pode experimentar usar um plugin para adicionar um formul\u00e1rio de contato.<\/p>\n","protected":false},"excerpt":{"rendered":"<p>Esta \u00e9 uma p\u00e1gina com algumas informa\u00e7\u00f5es b\u00e1sicas de contato, como um endere\u00e7o e n\u00famero de telefone. Voc\u00ea tamb\u00e9m pode experimentar usar um plugin para adicionar um formul\u00e1rio de contato.<\/p>\n","protected":false},"author":1,"featured_media":0,"parent":0,"menu_order":0,"comment_status":"closed","ping_status":"closed","template":"","meta":{"om_disable_all_campaigns":false,"_monsterinsights_skip_tracking":false,"_monsterinsights_sitenote_active":false,"_monsterinsights_sitenote_note":"","_monsterinsights_sitenote_category":0},"yoast_head":"<!-- This site is optimized with the Yoast SEO plugin v17.9 - https:\/\/yoast.com\/wordpress\/plugins\/seo\/ -->\n<title>Contato - Severino Pinturas e Reformas<\/title>\n<meta name=\"robots\" content=\"index, follow, max-snippet:-1, max-image-preview:large, max-video-preview:-1\" \/>\n<link rel=\"canonical\" href=\"http:\/\/severinopinturas.com.br\/?page_id=15\" \/>\n<meta property=\"og:locale\" content=\"en_US\" \/>\n<meta property=\"og:type\" content=\"article\" \/>\n<meta property=\"og:title\" content=\"Contato - Severino Pinturas e Reformas\" \/>\n<meta property=\"og:description\" content=\"Esta \u00e9 uma p\u00e1gina com algumas informa\u00e7\u00f5es b\u00e1sicas de contato, como um endere\u00e7o e n\u00famero de telefone. Voc\u00ea tamb\u00e9m pode experimentar usar um plugin para adicionar um formul\u00e1rio de contato.\" \/>\n<meta property=\"og:url\" content=\"http:\/\/severinopinturas.com.br\/?page_id=15\" \/>\n<meta property=\"og:site_name\" content=\"Severino Pinturas e Reformas\" \/>\n<meta name=\"twitter:card\" content=\"summary_large_image\" \/>\n<script type=\"application\/ld+json\" class=\"yoast-schema-graph\">{\"@context\":\"https:\/\/schema.org\",\"@graph\":[{\"@type\":\"Organization\",\"@id\":\"http:\/\/severinopinturas.com.br\/#organization\",\"name\":\"Severino Pinturas\",\"url\":\"http:\/\/severinopinturas.com.br\/\",\"sameAs\":[],\"logo\":{\"@type\":\"ImageObject\",\"@id\":\"http:\/\/severinopinturas.com.br\/#logo\",\"inLanguage\":\"en-US\",\"url\":\"http:\/\/severinopinturas.com.br\/wp-content\/uploads\/2021\/07\/cropped-logo.png\",\"contentUrl\":\"http:\/\/severinopinturas.com.br\/wp-content\/uploads\/2021\/07\/cropped-logo.png\",\"width\":512,\"height\":512,\"caption\":\"Severino Pinturas\"},\"image\":{\"@id\":\"http:\/\/severinopinturas.com.br\/#logo\"}},{\"@type\":\"WebSite\",\"@id\":\"http:\/\/severinopinturas.com.br\/#website\",\"url\":\"http:\/\/severinopinturas.com.br\/\",\"name\":\"Severino Pinturas e Reformas\",\"description\":\"Pinturas Residenciais, Prediais, Gesso 3D, Epoxi Grafitado, Telhados.\",\"publisher\":{\"@id\":\"http:\/\/severinopinturas.com.br\/#organization\"},\"potentialAction\":[{\"@type\":\"SearchAction\",\"target\":{\"@type\":\"EntryPoint\",\"urlTemplate\":\"http:\/\/severinopinturas.com.br\/?s={search_term_string}\"},\"query-input\":\"required name=search_term_string\"}],\"inLanguage\":\"en-US\"},{\"@type\":\"WebPage\",\"@id\":\"http:\/\/severinopinturas.com.br\/?page_id=15#webpage\",\"url\":\"http:\/\/severinopinturas.com.br\/?page_id=15\",\"name\":\"Contato - Severino Pinturas e Reformas\",\"isPartOf\":{\"@id\":\"http:\/\/severinopinturas.com.br\/#website\"},\"datePublished\":\"2021-07-08T21:05:06+00:00\",\"dateModified\":\"2021-07-08T21:05:06+00:00\",\"breadcrumb\":{\"@id\":\"http:\/\/severinopinturas.com.br\/?page_id=15#breadcrumb\"},\"inLanguage\":\"en-US\",\"potentialAction\":[{\"@type\":\"ReadAction\",\"target\":[\"http:\/\/severinopinturas.com.br\/?page_id=15\"]}]},{\"@type\":\"BreadcrumbList\",\"@id\":\"http:\/\/severinopinturas.com.br\/?page_id=15#breadcrumb\",\"itemListElement\":[{\"@type\":\"ListItem\",\"position\":1,\"name\":\"In\\u00edcio\",\"item\":\"http:\/\/severinopinturas.com.br\/\"},{\"@type\":\"ListItem\",\"position\":2,\"name\":\"Contato\"}]}]}<\/script>\n<!-- \/ Yoast SEO plugin. -->","yoast_head_json":{"title":"Contato - Severino Pinturas e Reformas","robots":{"index":"index","follow":"follow","max-snippet":"max-snippet:-1","max-image-preview":"max-image-preview:large","max-video-preview":"max-video-preview:-1"},"canonical":"http:\/\/severinopinturas.com.br\/?page_id=15","og_locale":"en_US","og_type":"article","og_title":"Contato - Severino Pinturas e Reformas","og_description":"Esta \u00e9 uma p\u00e1gina com algumas informa\u00e7\u00f5es b\u00e1sicas de contato, como um endere\u00e7o e n\u00famero de telefone. Voc\u00ea tamb\u00e9m pode experimentar usar um plugin para adicionar um formul\u00e1rio de contato.","og_url":"http:\/\/severinopinturas.com.br\/?page_id=15","og_site_name":"Severino Pinturas e Reformas","twitter_card":"summary_large_image","schema":{"@context":"https:\/\/schema.org","@graph":[{"@type":"Organization","@id":"http:\/\/severinopinturas.com.br\/#organization","name":"Severino Pinturas","url":"http:\/\/severinopinturas.com.br\/","sameAs":[],"logo":{"@type":"ImageObject","@id":"http:\/\/severinopinturas.com.br\/#logo","inLanguage":"en-US","url":"http:\/\/severinopinturas.com.br\/wp-content\/uploads\/2021\/07\/cropped-logo.png","contentUrl":"http:\/\/severinopinturas.com.br\/wp-content\/uploads\/2021\/07\/cropped-logo.png","width":512,"height":512,"caption":"Severino Pinturas"},"image":{"@id":"http:\/\/severinopinturas.com.br\/#logo"}},{"@type":"WebSite","@id":"http:\/\/severinopinturas.com.br\/#website","url":"http:\/\/severinopinturas.com.br\/","name":"Severino Pinturas e Reformas","description":"Pinturas Residenciais, Prediais, Gesso 3D, Epoxi Grafitado, Telhados.","publisher":{"@id":"http:\/\/severinopinturas.com.br\/#organization"},"potentialAction":[{"@type":"SearchAction","target":{"@type":"EntryPoint","urlTemplate":"http:\/\/severinopinturas.com.br\/?s={search_term_string}"},"query-input":"required name=search_term_string"}],"inLanguage":"en-US"},{"@type":"WebPage","@id":"http:\/\/severinopinturas.com.br\/?page_id=15#webpage","url":"http:\/\/severinopinturas.com.br\/?page_id=15","name":"Contato - Severino Pinturas e Reformas","isPartOf":{"@id":"http:\/\/severinopinturas.com.br\/#website"},"datePublished":"2021-07-08T21:05:06+00:00","dateModified":"2021-07-08T21:05:06+00:00","breadcrumb":{"@id":"http:\/\/severinopinturas.com.br\/?page_id=15#breadcrumb"},"inLanguage":"en-US","potentialAction":[{"@type":"ReadAction","target":["http:\/\/severinopinturas.com.br\/?page_id=15"]}]},{"@type":"BreadcrumbList","@id":"http:\/\/severinopinturas.com.br\/?page_id=15#breadcrumb","itemListElement":[{"@type":"ListItem","position":1,"name":"In\u00edcio","item":"http:\/\/severinopinturas.com.br\/"},{"@type":"ListItem","position":2,"name":"Contato"}]}]}},"_links":{"self":[{"href":"http:\/\/severinopinturas.com.br\/index.php?rest_route=\/wp\/v2\/pages\/15"}],"collection":[{"href":"http:\/\/severinopinturas.com.br\/index.php?rest_route=\/wp\/v2\/pages"}],"about":[{"href":"http:\/\/severinopinturas.com.br\/index.php?rest_route=\/wp\/v2\/types\/page"}],"author":[{"embeddable":true,"href":"http:\/\/severinopinturas.com.br\/index.php?rest_route=\/wp\/v2\/users\/1"}],"replies":[{"embeddable":true,"href":"http:\/\/severinopinturas.com.br\/index.php?rest_route=%2Fwp%2Fv2%2Fcomments&post=15"}],"version-history":[{"count":1,"href":"http:\/\/severinopinturas.com.br\/index.php?rest_route=\/wp\/v2\/pages\/15\/revisions"}],"predecessor-version":[{"id":24,"href":"http:\/\/severinopinturas.com.br\/index.php?rest_route=\/wp\/v2\/pages\/15\/revisions\/24"}],"wp:attachment":[{"href":"http:\/\/severinopinturas.com.br\/index.php?rest_route=%2Fwp%2Fv2%2Fmedia&parent=15"}],"curies":[{"name":"wp","href":"https:\/\/api.w.org\/{rel}","templated":true}]}}